{"id":794,"date":"2017-04-05T14:28:21","date_gmt":"2017-04-05T20:28:21","guid":{"rendered":"http:\/\/www.neuroticosanonimosbv.org.mx\/sitio\/?page_id=794"},"modified":"2026-04-20T18:31:21","modified_gmt":"2026-04-21T00:31:21","slug":"directorio-en-alemania","status":"publish","type":"page","link":"https:\/\/www.neuroticosanonimosbv.org.mx\/sitio\/directorio-en-alemania\/","title":{"rendered":"Directorio en Alemania"},"content":{"rendered":"<table class=\"bvcelda1\">\n<tbody>\n<tr>\n<td class=\"bvcelda1 bvt9\" style=\"vertical-align: top;\" width=\"40%\"><b>Buena Voluntad N\u00fcrnberg<\/b><br \/>Am Pl\u00e4rrer 15, 3er piso<br \/>90443 N\u00fcrnberg Baviera<br \/>TEL.: 01573 7804 723<br \/>e-mail: nuremberg@mbvna.com<br \/>Sesiones: S\u00e1bados y domingos<br \/>09:00 a 11:00 am<\/td>\n<td class=\"bvcelda1\" width=\"60%\"><iframe loading=\"lazy\" style=\"border: 0;\" src=\"https:\/\/www.google.com\/maps\/embed?pb=!1m18!1m12!1m3!1d2593.959736565319!2d11.06479266394854!3d49.44747799767737!2m3!1f0!2f0!3f0!3m2!1i1024!2i768!4f13.1!3m3!1m2!1s0x479f57aa0b42934b%3A0xe6e23dc397b43d47!2sAm+Pl%C3%A4rrer+15%2C+90443+N%C3%BCrnberg%2C+Alemania!5e0!3m2!1ses!2smx!4v1492746804175\" width=\"600\" height=\"350\" frameborder=\"0\" allowfullscreen=\"allowfullscreen\"><\/iframe><\/td>\n<\/tr>\n<\/tbody>\n<\/table>\n<table class=\"bvcelda1\">\n<tbody>\n<tr>\n<td class=\"bvcelda1 bvt9\" style=\"vertical-align: top;\" width=\"40%\"><b>Buena Voluntad Leipzig<\/b><br \/>Tel.: +49 176 2170 3169<br \/>e-mail: buena.voluntad.leipzig@gmail.com<br \/>Horarios: \nLunes a s\u00e1bado de 10:00 a 12:00 hrs \nlunes a viernes de 18:00 a 20:00 hrs.<br \/>Harkortstra\u00dfe 5<br \/>04107 Leipzing<\/td>\n<td class=\"bvcelda1\" width=\"60%\"><iframe loading=\"lazy\" style=\"border: 0;\" src=\"https:\/\/www.google.com\/maps\/embed?pb=!1m18!1m12!1m3!1d4985.475279366928!2d12.371172199999998!3d51.3343453!2m3!1f0!2f0!3f0!3m2!1i1024!2i768!4f13.1!3m3!1m2!1s0x47a6f828a374a453%3A0x571cbd0e3446359!2sHarkortstra%C3%9Fe%205%2C%2004107%20Leipzig%2C%20Germany!5e0!3m2!1sen!2sus!4v1743474868210!5m2!1sen!2sus\" width=\"600\" height=\"350\" allowfullscreen=\"allowfullscreen\"><\/iframe><\/td>\n<\/tr>\n<\/tbody>\n<\/table>\n\n\n<p><\/p>\n","protected":false},"excerpt":{"rendered":"<p>Buena Voluntad N\u00fcrnbergAm Pl\u00e4rrer 15, 3er piso90443 N\u00fcrnberg BavieraTEL.: 01573 7804 723e-mail: nuremberg@mbvna.comSesiones: S\u00e1bados y domingos09:00 a 11:00 am Buena Voluntad LeipzigTel.: +49 176 2170 3169e-mail: buena.voluntad.leipzig@gmail.comHorarios: Lunes a s\u00e1bado de 10:00 a 12:00 hrs lunes a viernes de 18:00 a 20:00 hrs.Harkortstra\u00dfe 504107 Leipzing<\/p>\n","protected":false},"author":4,"featured_media":0,"parent":0,"menu_order":0,"comment_status":"closed","ping_status":"closed","template":"","meta":{"footnotes":""},"class_list":["post-794","page","type-page","status-publish","hentry"],"_links":{"self":[{"href":"https:\/\/www.neuroticosanonimosbv.org.mx\/sitio\/wp-json\/wp\/v2\/pages\/794","targetHints":{"allow":["GET"]}}],"collection":[{"href":"https:\/\/www.neuroticosanonimosbv.org.mx\/sitio\/wp-json\/wp\/v2\/pages"}],"about":[{"href":"https:\/\/www.neuroticosanonimosbv.org.mx\/sitio\/wp-json\/wp\/v2\/types\/page"}],"author":[{"embeddable":true,"href":"https:\/\/www.neuroticosanonimosbv.org.mx\/sitio\/wp-json\/wp\/v2\/users\/4"}],"replies":[{"embeddable":true,"href":"https:\/\/www.neuroticosanonimosbv.org.mx\/sitio\/wp-json\/wp\/v2\/comments?post=794"}],"version-history":[{"count":24,"href":"https:\/\/www.neuroticosanonimosbv.org.mx\/sitio\/wp-json\/wp\/v2\/pages\/794\/revisions"}],"predecessor-version":[{"id":3669,"href":"https:\/\/www.neuroticosanonimosbv.org.mx\/sitio\/wp-json\/wp\/v2\/pages\/794\/revisions\/3669"}],"wp:attachment":[{"href":"https:\/\/www.neuroticosanonimosbv.org.mx\/sitio\/wp-json\/wp\/v2\/media?parent=794"}],"curies":[{"name":"wp","href":"https:\/\/api.w.org\/{rel}","templated":true}]}}