{"id":459,"date":"2017-04-04T17:25:03","date_gmt":"2017-04-04T23:25:03","guid":{"rendered":"http:\/\/www.neuroticosanonimosbv.org.mx\/sitio\/?page_id=459"},"modified":"2025-12-07T23:26:24","modified_gmt":"2025-12-08T05:26:24","slug":"directorio-en-gustavo-a-madero-cdmx","status":"publish","type":"page","link":"https:\/\/www.neuroticosanonimosbv.org.mx\/sitio\/directorio-en-gustavo-a-madero-cdmx\/","title":{"rendered":"Directorio en Gustavo A. Madero, CDMX"},"content":{"rendered":"<p>&nbsp;<\/p>\n<table class=\"bvcelda1\">\n<tbody>\n<tr>\n<td class=\"bvcelda1 bvt9\" style=\"vertical-align: top;\" width=\"40%\"><b>Buena Voluntad 24 Hrs. Ampliaci\u00f3n La Villa<\/b><br \/>\nCalzada de Guadalupe No. 547<br \/>\nCol. Estrella<br \/>\nAlcald\u00eda Gustavo A. Madero<br \/>\nCiudad de M\u00e9xico, C.P. 07810<br \/>\nTel. (55) 5781-7368<br \/>\nCorreo e: amp.lavilla@mbvna.org<br \/>\nHorario: 24 Horas<br \/>\nServicios adicionales:<br \/>\nNeur-A-Teen<br \/>\nCasa Hogar<\/td>\n<td class=\"bvcelda1\" width=\"60%\"><iframe loading=\"lazy\" style=\"border: 0;\" src=\"https:\/\/www.google.com\/maps\/embed?pb=!1m18!1m12!1m3!1d3761.5296274951265!2d-99.12270818509265!3d19.475836686859775!2m3!1f0!2f0!3f0!3m2!1i1024!2i768!4f13.1!3m3!1m2!1s0x0%3A0x7d904d4fc0e7f96b!2sBuena+Voluntad+24+Hrs.+Ampliaci%C3%B3n+La+Villa!5e0!3m2!1ses-419!2s!4v1492627889887\" width=\"600\" height=\"350\" frameborder=\"0\" allowfullscreen=\"allowfullscreen\"><\/iframe><\/td>\n<\/tr>\n<\/tbody>\n<\/table>\n<p>&nbsp;<\/p>\n<table class=\"bvcelda1\">\n<tbody>\n<tr>\n<td class=\"bvcelda1 bvt9\" style=\"vertical-align: top;\" width=\"40%\"><b>Buena Voluntad 24 Hrs. La Villa<\/b><br \/>\nCalle La Rioja No. 356<br \/>\nSan Pedro Zacatenco<br \/>\nCol. Lindavista<br \/>\nAlcald\u00eda Gustavo A. Madero<br \/>\nCiudad de M\u00e9xico<br \/>\nTels. (55) 5586-9356, 5586-4210<br \/>\n5754-4236 y 5754-4240<br \/>\nHorario: 24 horas.<br \/>\nServicios adicionales:<br \/>\nCasa Hogar<br \/>\nNeur-A-Teen: s\u00e1bados y domingos de 11:00 a 15:00 hrs.<\/td>\n<td class=\"bvcelda1\" width=\"60%\"><iframe loading=\"lazy\" style=\"border: 0;\" src=\"https:\/\/www.google.com\/maps\/embed?pb=!1m18!1m12!1m3!1d470.10449029452275!2d-99.12761576278545!3d19.50569373666664!2m3!1f0!2f0!3f0!3m2!1i1024!2i768!4f13.1!3m3!1m2!1s0x0%3A0x596c98035f9cfbb5!2sBV+LA+VILLA!5e0!3m2!1ses-419!2s!4v1492398831076\" width=\"600\" height=\"350\" frameborder=\"0\" allowfullscreen=\"allowfullscreen\"><\/iframe><\/td>\n<\/tr>\n<\/tbody>\n<\/table>\n<p>&nbsp;<\/p>\n<table class=\"bvcelda1\">\n<tbody>\n<tr>\n<td class=\"bvcelda1 bvt9\" style=\"vertical-align: top;\" width=\"40%\"><b>Buena Voluntad Cuautepec<\/b><br \/>\nAv. Guadalupe Victoria No. 31<br \/>\nCol. Guadalupe Victoria, Cuautepec Barrio Bajo<br \/>\nAlcald\u00eda Gustavo A. Madero<br \/>\nCiudad de M\u00e9xico<br \/>\nTel. (55) 5306-3646<br \/>\nHorarios Lunes a domingo de 15:00 a 21:00 horas.<br \/>\nServicio adicional:<br \/>\nNeur-A-Teen<\/td>\n<td class=\"bvcelda1\" width=\"60%\"><iframe loading=\"lazy\" style=\"border: 0;\" src=\"https:\/\/www.google.com\/maps\/embed?pb=!1m18!1m12!1m3!1d3760.0513449068194!2d-99.14137998509166!3d19.539409086823706!2m3!1f0!2f0!3f0!3m2!1i1024!2i768!4f13.1!3m3!1m2!1s0x0%3A0x426e71350d9ad065!2sBuena+Voluntad+Cuautepec!5e0!3m2!1ses-419!2s!4v1492399573190\" width=\"600\" height=\"350\" frameborder=\"0\" allowfullscreen=\"allowfullscreen\"><\/iframe><\/td>\n<\/tr>\n<\/tbody>\n<\/table>\n","protected":false},"excerpt":{"rendered":"<p>&nbsp; Buena Voluntad 24 Hrs. Ampliaci\u00f3n La Villa Calzada de Guadalupe No. 547 Col. Estrella Alcald\u00eda Gustavo A. Madero Ciudad de M\u00e9xico, C.P. 07810 Tel. (55) 5781-7368 Correo e: amp.lavilla@mbvna.org Horario: 24 Horas Servicios adicionales: Neur-A-Teen Casa Hogar &nbsp; Buena Voluntad 24 Hrs. La Villa Calle La Rioja No. 356 San Pedro Zacatenco Col. Lindavista &hellip; <a href=\"https:\/\/www.neuroticosanonimosbv.org.mx\/sitio\/directorio-en-gustavo-a-madero-cdmx\/\" class=\"more-link\">Continuar leyendo<span class=\"screen-reader-text\"> &#8220;Directorio en Gustavo A. Madero, CDMX&#8221;<\/span><\/a><\/p>\n","protected":false},"author":4,"featured_media":0,"parent":0,"menu_order":0,"comment_status":"closed","ping_status":"closed","template":"","meta":{"footnotes":""},"class_list":["post-459","page","type-page","status-publish","hentry"],"_links":{"self":[{"href":"https:\/\/www.neuroticosanonimosbv.org.mx\/sitio\/wp-json\/wp\/v2\/pages\/459","targetHints":{"allow":["GET"]}}],"collection":[{"href":"https:\/\/www.neuroticosanonimosbv.org.mx\/sitio\/wp-json\/wp\/v2\/pages"}],"about":[{"href":"https:\/\/www.neuroticosanonimosbv.org.mx\/sitio\/wp-json\/wp\/v2\/types\/page"}],"author":[{"embeddable":true,"href":"https:\/\/www.neuroticosanonimosbv.org.mx\/sitio\/wp-json\/wp\/v2\/users\/4"}],"replies":[{"embeddable":true,"href":"https:\/\/www.neuroticosanonimosbv.org.mx\/sitio\/wp-json\/wp\/v2\/comments?post=459"}],"version-history":[{"count":16,"href":"https:\/\/www.neuroticosanonimosbv.org.mx\/sitio\/wp-json\/wp\/v2\/pages\/459\/revisions"}],"predecessor-version":[{"id":3542,"href":"https:\/\/www.neuroticosanonimosbv.org.mx\/sitio\/wp-json\/wp\/v2\/pages\/459\/revisions\/3542"}],"wp:attachment":[{"href":"https:\/\/www.neuroticosanonimosbv.org.mx\/sitio\/wp-json\/wp\/v2\/media?parent=459"}],"curies":[{"name":"wp","href":"https:\/\/api.w.org\/{rel}","templated":true}]}}