{"id":193,"date":"2017-02-15T21:47:32","date_gmt":"2017-02-16T03:47:32","guid":{"rendered":"http:\/\/www.neuroticosanonimosbv.org.mx\/sitio\/?page_id=193"},"modified":"2026-02-12T22:32:14","modified_gmt":"2026-02-13T04:32:14","slug":"directorio","status":"publish","type":"page","link":"https:\/\/www.neuroticosanonimosbv.org.mx\/sitio\/directorio\/","title":{"rendered":"Directorio"},"content":{"rendered":"<p>&nbsp;<\/p>\n<table class=\"bvcelda1\">\n<tbody>\n<tr>\n<td class=\"bvcelda1 bvt9\" style=\"vertical-align: top;\" width=\"40%\"><b>Movimiento Buena Voluntad 24 horas<br \/>\nde Neur\u00f3ticos An\u00f3nimos<\/b><br \/>\nCumbres de Maltrata 449<br \/>\nCol. San Sim\u00f3n<br \/>\nAlcald\u00eda Benito Ju\u00e1rez 03630<br \/>\nCDMX<br \/>\n(Cerca del Metro Nativitas)<br \/>\nTels.: (55) 55 39 55 51 y 55 39 55 52<br \/>\nHorario: Las 24 Horas, los 365 d\u00edas<br \/>\nServicios adicionales:<br \/>\nCasa-Hogar<br \/>\nNeur-A-Teen:<br \/>\nViernes de 16:00 a 19:00 hrs.<br \/>\n(Ni\u00f1os de 8 a 12 a\u00f1os)<br \/>\nS\u00e1bado  de 16:00 a 20:oo hrs.<br \/>\n(J\u00f3venes de 13 a 16 a\u00f1os)<br \/>\nSilentes<\/td>\n<td class=\"bvcelda1\" width=\"60%\"><iframe loading=\"lazy\" style=\"border: 0;\" src=\"https:\/\/www.google.com\/maps\/embed?pb=!1m14!1m8!1m3!1d15055.233987994294!2d-99.14148500000002!3d19.377443!3m2!1i1024!2i768!4f13.1!3m3!1m2!1s0x0%3A0x3b8aa996ebfb6022!2sMovimiento+Buena+Voluntad+24+Horas+Neuroticos+Anonimos!5e0!3m2!1ses!2smx!4v1487220690999\" width=\"600\" height=\"350\" frameborder=\"0\" allowfullscreen=\"allowfullscreen\"><\/iframe><\/td>\n<\/tr>\n<\/tbody>\n<\/table>\n<table class=\"bvcelda1\">\n<tbody>\n<tr>\n<td class=\"bvt9 bvcelda1\" style=\"text-align: right; font-size: 20px; vertical-align: top;\" rowspan=\"5\" width=\"35%\">Directorio de Grupos<\/p>\n<hr style=\"background-color: #fabf63; border: 0; height: 5px; width: 100%; align: right;\" \/>\n<\/td>\n<td class=\"bvt9 bvcelda1\" rowspan=\"5\" width=\"4%\"><\/td>\n<td class=\"bvt9 bvcelda1\" style=\"text-align: left; font-size: 16px;\" width=\"35%\"><img loading=\"lazy\" decoding=\"async\" src=\"http:\/\/www.neuroticosanonimosbv.org.mx\/sitio\/elementos\/bullet.gif\" width=\"10\" height=\"10\" align=\"bottom\" \/>\u00a0<a href=\"http:\/\/www.neuroticosanonimosbv.org.mx\/sitio\/directorio-en-la-ciudad-de-mexico\/\">En la Ciudad de M\u00e9xico<\/a><\/td>\n<\/tr>\n<tr>\n<td class=\"bvt9 bvcelda1\" style=\"text-align: left; font-size: 16px;\" width=\"35%\"><img loading=\"lazy\" decoding=\"async\" src=\"http:\/\/www.neuroticosanonimosbv.org.mx\/sitio\/elementos\/bullet.gif\" width=\"10\" height=\"10\" align=\"bottom\" \/>\u00a0<a href=\"http:\/\/www.neuroticosanonimosbv.org.mx\/sitio\/directorio-en-el-interior-del-pais\/\">En el interior del pa\u00eds<\/a><\/td>\n<\/tr>\n<tr>\n<td class=\"bvt9 bvcelda1\" style=\"text-align: left; font-size: 16px;\" width=\"35%\"><img loading=\"lazy\" decoding=\"async\" src=\"http:\/\/www.neuroticosanonimosbv.org.mx\/sitio\/elementos\/bullet.gif\" width=\"10\" height=\"10\" align=\"bottom\" \/>\u00a0<a href=\"http:\/\/www.neuroticosanonimosbv.org.mx\/sitio\/directorio-en-estados-unidos\/\">En Estados Unidos<\/a><\/td>\n<\/tr>\n<tr>\n<td class=\"bvt9 bvcelda1\" style=\"text-align: left; font-size: 16px;\" width=\"35%\"><img loading=\"lazy\" decoding=\"async\" src=\"http:\/\/www.neuroticosanonimosbv.org.mx\/sitio\/elementos\/bullet.gif\" width=\"10\" height=\"10\" align=\"bottom\" \/>\u00a0<a href=\"http:\/\/www.neuroticosanonimosbv.org.mx\/sitio\/directorio-en-centro-y-sudamerica\/\">En Centro y Sudam\u00e9rica<\/a><\/td>\n<\/tr>\n<tr>\n<td class=\"bvt9 bvcelda1\" style=\"text-align: left; font-size: 16px;\" width=\"35%\"><img loading=\"lazy\" decoding=\"async\" src=\"http:\/\/www.neuroticosanonimosbv.org.mx\/sitio\/elementos\/bullet.gif\" width=\"10\" height=\"10\" align=\"bottom\" \/>\u00a0<a href=\"http:\/\/www.neuroticosanonimosbv.org.mx\/sitio\/directorio-en-europa\/\">En Europa<\/a><\/td>\n<\/tr>\n<\/tbody>\n<\/table>\n","protected":false},"excerpt":{"rendered":"<p>&nbsp; Movimiento Buena Voluntad 24 horas de Neur\u00f3ticos An\u00f3nimos Cumbres de Maltrata 449 Col. San Sim\u00f3n Alcald\u00eda Benito Ju\u00e1rez 03630 CDMX (Cerca del Metro Nativitas) Tels.: (55) 55 39 55 51 y 55 39 55 52 Horario: Las 24 Horas, los 365 d\u00edas Servicios adicionales: Casa-Hogar Neur-A-Teen: Viernes de 16:00 a 19:00 hrs. (Ni\u00f1os de &hellip; <a href=\"https:\/\/www.neuroticosanonimosbv.org.mx\/sitio\/directorio\/\" class=\"more-link\">Continuar leyendo<span class=\"screen-reader-text\"> &#8220;Directorio&#8221;<\/span><\/a><\/p>\n","protected":false},"author":4,"featured_media":0,"parent":0,"menu_order":0,"comment_status":"closed","ping_status":"closed","template":"","meta":{"footnotes":""},"class_list":["post-193","page","type-page","status-publish","hentry"],"_links":{"self":[{"href":"https:\/\/www.neuroticosanonimosbv.org.mx\/sitio\/wp-json\/wp\/v2\/pages\/193","targetHints":{"allow":["GET"]}}],"collection":[{"href":"https:\/\/www.neuroticosanonimosbv.org.mx\/sitio\/wp-json\/wp\/v2\/pages"}],"about":[{"href":"https:\/\/www.neuroticosanonimosbv.org.mx\/sitio\/wp-json\/wp\/v2\/types\/page"}],"author":[{"embeddable":true,"href":"https:\/\/www.neuroticosanonimosbv.org.mx\/sitio\/wp-json\/wp\/v2\/users\/4"}],"replies":[{"embeddable":true,"href":"https:\/\/www.neuroticosanonimosbv.org.mx\/sitio\/wp-json\/wp\/v2\/comments?post=193"}],"version-history":[{"count":66,"href":"https:\/\/www.neuroticosanonimosbv.org.mx\/sitio\/wp-json\/wp\/v2\/pages\/193\/revisions"}],"predecessor-version":[{"id":3642,"href":"https:\/\/www.neuroticosanonimosbv.org.mx\/sitio\/wp-json\/wp\/v2\/pages\/193\/revisions\/3642"}],"wp:attachment":[{"href":"https:\/\/www.neuroticosanonimosbv.org.mx\/sitio\/wp-json\/wp\/v2\/media?parent=193"}],"curies":[{"name":"wp","href":"https:\/\/api.w.org\/{rel}","templated":true}]}}