{"id":167,"date":"2017-02-15T18:12:52","date_gmt":"2017-02-16T00:12:52","guid":{"rendered":"http:\/\/www.neuroticosanonimosbv.org.mx\/sitio\/?page_id=167"},"modified":"2022-06-28T19:00:23","modified_gmt":"2022-06-29T01:00:23","slug":"como-funciona","status":"publish","type":"page","link":"https:\/\/www.neuroticosanonimosbv.org.mx\/sitio\/como-funciona\/","title":{"rendered":"\u00bfC\u00f3mo funciona?"},"content":{"rendered":"<p class=\"bvt9\">\nNeur\u00f3ticos An\u00f3nimos es una agrupaci\u00f3n de hombres y mujeres que comparten su mutua experiencia, fortaleza y esperanza de poder resolver sus problemas emocionales y ayudar a otros a recuperarse de la Neurosis.<\/p>\n<p class=\"bvt9\">El \u00fanico requisito para ser miembro de NA es tener el deseo de alcanzar la tranquilidad. Para ser miembro de Neur\u00f3ticos An\u00f3nimos no se pagan derechos ni cuotas, nos mantenemos con nuestras propias contribuciones voluntarias.<\/p>\n<p class=\"bvt9\">NA no pertenece a ninguna secta religiosa, ni pol\u00edtica, ni organizaci\u00f3n o instituci\u00f3n alguna; no desea intervenir en ninguna controversia ni apoya o combate otras causas.<\/p>\n<p class=\"bvt9\">Nuestro fin primordial es mantener nuestra estabilidad emocional y ayudar a otros a alcanzar la tranquilidad.<\/p>\n<p class=\"bvt1\">\nPreguntas frecuentes<\/p>\n<p class=\"bvt3\" style=\"margin-bottom: 0.1em;\">\u00bfLa terapia tiene alg\u00fan costo?<\/p>\n<p class=\"bvt9\">No, la terapia es gratuita, aunque el grupo funciona con las contribuciones voluntarias de sus integrantes.<\/p>\n<p class=\"bvt3\" style=\"margin-bottom: 0.1em;\">\u00bfLa terapia la brindan profesionales?<\/p>\n<p class=\"bvt9\">No, es una terapia de reflejo, es decir, de autoayuda, compartimos nuestras mutuas experiencias.<\/p>\n<p class=\"bvt3\" style=\"margin-bottom: 0.1em;\">\u00bfCu\u00e1nto tiempo duran las sesiones?<\/p>\n<p class=\"bvt9\">Cada sesi\u00f3n dura alrededor de 1 hora y 45 minutos<\/p>\n<p class=\"bvt3\" style=\"margin-bottom: 0.1em;\">\u00bfEl grupo es religioso?<\/p>\n<p class=\"bvt9\">No, cada persona es libre de creer o profesar la religi\u00f3n que elija.<\/p>\n<p class=\"bvt3\" style=\"margin-bottom: 0.1em;\">\u00bfCu\u00e1les es la edad requerida para asistir al grupo?<\/p>\n<p class=\"bvt9\">No hay edad m\u00ednima o m\u00e1xima para ingresar. Depende de la necesidad emocional de la persona y de su voluntad para asistir a la terapia. Aunque para los menores de entre 8 y 16 a\u00f1os tambi\u00e9n existe una terapia especializada para ese rango de edad.<\/p>\n<p class=\"bvt3\" style=\"margin-bottom: 0.1em;\">\u00bfEn cu\u00e1nto tiempo una persona empieza a sentirse mejor?<\/p>\n<p class=\"bvt9\">La terapia es personal y eso depender\u00e1 del esfuerzo individual y de su aplicaci\u00f3n al programa de recuperaci\u00f3n.<\/p>\n<p class=\"bvt3\" style=\"margin-bottom: 0.1em;\">\u00bfPuedo llevar a un familiar u otra persona a la terapia?<\/p>\n<p class=\"bvt9\">S\u00ed, Usted puede invitar a cualquier persona, pero la asistencia y permanencia en la terapia es voluntaria.<\/p>\n<p class=\"bvt3\" style=\"margin-bottom: 0.1em;\">\u00bfUn menor requiere de autorizaci\u00f3n de su padre o tutor para asistir a la terapia?<\/p>\n<p class=\"bvt9\">El grupo no requiere de una autorizaci\u00f3n especial, la asistencia y permanencia de los miembros es voluntaria. Aunque en los casos de personas menores de edad, se recomienda que exista un acuerdo entre \u00e9stas y sus padres o tutores para que puedan asistir a la terapia.<\/p>\n","protected":false},"excerpt":{"rendered":"<p>Neur\u00f3ticos An\u00f3nimos es una agrupaci\u00f3n de hombres y mujeres que comparten su mutua experiencia, fortaleza y esperanza de poder resolver sus problemas emocionales y ayudar a otros a recuperarse de la Neurosis. El \u00fanico requisito para ser miembro de NA es tener el deseo de alcanzar la tranquilidad. Para ser miembro de Neur\u00f3ticos An\u00f3nimos no &hellip; <a href=\"https:\/\/www.neuroticosanonimosbv.org.mx\/sitio\/como-funciona\/\" class=\"more-link\">Continuar leyendo<span class=\"screen-reader-text\"> &#8220;\u00bfC\u00f3mo funciona?&#8221;<\/span><\/a><\/p>\n","protected":false},"author":4,"featured_media":0,"parent":0,"menu_order":0,"comment_status":"closed","ping_status":"closed","template":"","meta":{"footnotes":""},"class_list":["post-167","page","type-page","status-publish","hentry"],"_links":{"self":[{"href":"https:\/\/www.neuroticosanonimosbv.org.mx\/sitio\/wp-json\/wp\/v2\/pages\/167","targetHints":{"allow":["GET"]}}],"collection":[{"href":"https:\/\/www.neuroticosanonimosbv.org.mx\/sitio\/wp-json\/wp\/v2\/pages"}],"about":[{"href":"https:\/\/www.neuroticosanonimosbv.org.mx\/sitio\/wp-json\/wp\/v2\/types\/page"}],"author":[{"embeddable":true,"href":"https:\/\/www.neuroticosanonimosbv.org.mx\/sitio\/wp-json\/wp\/v2\/users\/4"}],"replies":[{"embeddable":true,"href":"https:\/\/www.neuroticosanonimosbv.org.mx\/sitio\/wp-json\/wp\/v2\/comments?post=167"}],"version-history":[{"count":12,"href":"https:\/\/www.neuroticosanonimosbv.org.mx\/sitio\/wp-json\/wp\/v2\/pages\/167\/revisions"}],"predecessor-version":[{"id":2458,"href":"https:\/\/www.neuroticosanonimosbv.org.mx\/sitio\/wp-json\/wp\/v2\/pages\/167\/revisions\/2458"}],"wp:attachment":[{"href":"https:\/\/www.neuroticosanonimosbv.org.mx\/sitio\/wp-json\/wp\/v2\/media?parent=167"}],"curies":[{"name":"wp","href":"https:\/\/api.w.org\/{rel}","templated":true}]}}