{"id":136,"date":"2017-02-14T19:12:27","date_gmt":"2017-02-15T01:12:27","guid":{"rendered":"http:\/\/www.neuroticosanonimosbv.org.mx\/sitio\/?page_id=136"},"modified":"2017-04-05T17:26:01","modified_gmt":"2017-04-05T23:26:01","slug":"autodiagnostico","status":"publish","type":"page","link":"https:\/\/www.neuroticosanonimosbv.org.mx\/sitio\/autodiagnostico\/","title":{"rendered":"Autodiagn\u00f3stico"},"content":{"rendered":"<p class=\"bvt9\">Nosotros los miembros del Movimiento Buena Voluntad 24 hrs., de Neur\u00f3ticos An\u00f3nimos, llegamos a este Movimiento, porque reconocimos finalmente que no pod\u00edamos controlar nuestras emociones. Al principio est\u00e1bamos poco dispuestos a admitir que no pod\u00edamos salir adelante sin la ayuda de alguien. Pero los miembros experimentados de Neur\u00f3ticos An\u00f3nimos, nos explicaron que sufr\u00edamos del autoenga\u00f1o generado por la propia enfermedad de la neurosis. Nos enteramos de que mucha gente estaba afligida por los mismos sentimientos de culpabilidad, soledad y desesperaci\u00f3n que nosotros ten\u00edamos. Descubrimos que sufr\u00edamos esos sentimientos porque padec\u00edamos de la enfermedad de la neurosis.<br \/>\nA continuaci\u00f3n le invitamos a que responda <b><i>confidencialmente<\/i><\/b> el siguiente cuestionario, con la mayor calma posible, <b><i>meditando<\/i><\/b> o consultando si es necesario el significado de algunas palabras o frases, y con la mayor <b><i>honestidad<\/i><\/b> posible.<\/p>\n<p class=\"bvt9 bvt9b\">\n<input type=\"checkbox\" value=\"checkbox\" name=\"cb1\" \/>&nbsp;<img loading=\"lazy\" decoding=\"async\" height=\"10\" src=\"http:\/\/www.neuroticosanonimosbv.org.mx\/sitio\/elementos\/bullet.gif\" width=\"10\" align=\"bottom\"\/>&nbsp;\u00bfEs usted demasiado sensible?\n<\/p>\n<p class=\"bvt9 bvt9b\"><input type=\"checkbox\" value=\"checkbox\" name=\"cb2\" \/>&nbsp;<img loading=\"lazy\" decoding=\"async\" height=\"10\" src=\"http:\/\/www.neuroticosanonimosbv.org.mx\/sitio\/elementos\/bullet.gif\" width=\"10\" align=\"bottom\"  \/>&nbsp;\u00bfLe gusta conmiserarse (sentir l\u00e1stima por s\u00ed mismo)?\n<\/p>\n<p class=\"bvt9 bvt9b\">\n<input type=\"checkbox\" value=\"checkbox\" name=\"cb3\" \/>&nbsp;<img loading=\"lazy\" decoding=\"async\" height=\"10\" src=\"http:\/\/www.neuroticosanonimosbv.org.mx\/sitio\/elementos\/bullet.gif\" width=\"10\" align=\"bottom\"  \/>&nbsp;\u00bfTrata siempre de justificarse o defenderse?\n<\/p>\n<p class=\"bvt9 bvt9b\">\n<input type=\"checkbox\" value=\"checkbox\" name=\"cb4\" \/>&nbsp;<img loading=\"lazy\" decoding=\"async\" height=\"10\" src=\"http:\/\/www.neuroticosanonimosbv.org.mx\/sitio\/elementos\/bullet.gif\" width=\"10\" align=\"bottom\"  \/>&nbsp;\u00bfPadece de ansiedad en ciertos momentos?\n<\/p>\n<p class=\"bvt9 bvt9b\">\n<input type=\"checkbox\" value=\"checkbox\" name=\"cb5\" \/>&nbsp;<img loading=\"lazy\" decoding=\"async\" height=\"10\" src=\"http:\/\/www.neuroticosanonimosbv.org.mx\/sitio\/elementos\/bullet.gif\" width=\"10\" align=\"bottom\"  \/>&nbsp;\u00bfCree que todo el mundo lo observa?\n<\/p>\n<p class=\"bvt9 bvt9b\">\n<input type=\"checkbox\" value=\"checkbox\" name=\"cb6\" \/>&nbsp;<img loading=\"lazy\" decoding=\"async\" height=\"10\" src=\"http:\/\/www.neuroticosanonimosbv.org.mx\/sitio\/elementos\/bullet.gif\" width=\"10\" align=\"bottom\"  \/>&nbsp;\u00bfEs celoso y desconfiado?\n<\/p>\n<p class=\"bvt9 bvt9b\">\n<input type=\"checkbox\" value=\"checkbox\" name=\"cb7\" \/>&nbsp;<img loading=\"lazy\" decoding=\"async\" height=\"10\" src=\"http:\/\/www.neuroticosanonimosbv.org.mx\/sitio\/elementos\/bullet.gif\" width=\"10\" align=\"bottom\"  \/>&nbsp;\u00bfLe gusta criticar?\n<\/p>\n<p class=\"bvt9 bvt9b\">\n<input type=\"checkbox\" value=\"checkbox\" name=\"cb8\" \/>&nbsp;<img loading=\"lazy\" decoding=\"async\" height=\"10\" src=\"http:\/\/www.neuroticosanonimosbv.org.mx\/sitio\/elementos\/bullet.gif\" width=\"10\" align=\"bottom\"  \/>&nbsp;\u00bfExagera peque\u00f1os problemas? <\/p>\n<p class=\"bvt9 bvt9b\">\n<input type=\"checkbox\" value=\"checkbox\" name=\"cb9\" \/>&nbsp;<img loading=\"lazy\" decoding=\"async\" height=\"10\" src=\"http:\/\/www.neuroticosanonimosbv.org.mx\/sitio\/elementos\/bullet.gif\" width=\"10\" align=\"bottom\"  \/>&nbsp;\u00bfTiende a exagerar sus estados de optimismo y depresi\u00f3n?\n<\/p>\n<p class=\"bvt9 bvt9b\">\n<input type=\"checkbox\" value=\"checkbox\" name=\"cb10\" \/>&nbsp;<img loading=\"lazy\" decoding=\"async\" height=\"10\" src=\"http:\/\/www.neuroticosanonimosbv.org.mx\/sitio\/elementos\/bullet.gif\" width=\"10\" align=\"bottom\"  \/>&nbsp;\u00bfLe aparecen disturbios sexuales frecuentemente?\n<\/p>\n<p class=\"bvt9 bvt9b\">\n<input type=\"checkbox\" value=\"checkbox\" name=\"cb11\" \/>&nbsp;<img loading=\"lazy\" decoding=\"async\" height=\"10\" src=\"http:\/\/www.neuroticosanonimosbv.org.mx\/sitio\/elementos\/bullet.gif\" width=\"10\" align=\"bottom\"  \/>&nbsp;\u00bfVive disgustado con todo el mundo?\n<\/p>\n<p class=\"bvt9 bvt9b\">\n<input type=\"checkbox\" value=\"checkbox\" name=\"cb12\" \/>&nbsp;<img loading=\"lazy\" decoding=\"async\" height=\"10\" src=\"http:\/\/www.neuroticosanonimosbv.org.mx\/sitio\/elementos\/bullet.gif\" width=\"10\" align=\"bottom\"  \/>&nbsp;\u00bfHa perdido sus ambiciones de superaci\u00f3n?\n<\/p>\n<p class=\"bvt9 bvt9b\">\n<input type=\"checkbox\" value=\"checkbox\" name=\"cb13\" \/>&nbsp;<img loading=\"lazy\" decoding=\"async\" height=\"10\" src=\"http:\/\/www.neuroticosanonimosbv.org.mx\/sitio\/elementos\/bullet.gif\" width=\"10\" align=\"bottom\"  \/>&nbsp;\u00bfPierde oportunidades?\n<\/p>\n<p class=\"bvt9 bvt9b\">\n<input type=\"checkbox\" value=\"checkbox\" name=\"cb14\" \/>&nbsp;<img loading=\"lazy\" decoding=\"async\" height=\"10\" src=\"http:\/\/www.neuroticosanonimosbv.org.mx\/sitio\/elementos\/bullet.gif\" width=\"10\" align=\"bottom\"  \/>&nbsp;\u00bfTiende a ser ordenado en exceso?\n<\/p>\n<p class=\"bvt9 bvt9b\">\n<input type=\"checkbox\" value=\"checkbox\" name=\"cb15\" \/>&nbsp;<img loading=\"lazy\" decoding=\"async\" height=\"10\" src=\"http:\/\/www.neuroticosanonimosbv.org.mx\/sitio\/elementos\/bullet.gif\" width=\"10\" align=\"bottom\"  \/>&nbsp;\u00bfEs usted desordenado?\n<\/p>\n<p class=\"bvt9 bvt9b\">\n<input type=\"checkbox\" value=\"checkbox\" name=\"cb16\" \/>&nbsp;<img loading=\"lazy\" decoding=\"async\" height=\"10\" src=\"http:\/\/www.neuroticosanonimosbv.org.mx\/sitio\/elementos\/bullet.gif\" width=\"10\" align=\"bottom\"  \/>&nbsp;\u00bfMiente sin necesidad?\n<\/p>\n<p class=\"bvt9 bvt9b\">\n<input type=\"checkbox\" value=\"checkbox\" name=\"cb17\" \/>&nbsp;<img loading=\"lazy\" decoding=\"async\" height=\"10\" src=\"http:\/\/www.neuroticosanonimosbv.org.mx\/sitio\/elementos\/bullet.gif\" width=\"10\" align=\"bottom\"  \/>&nbsp;\u00bfEs usted supersticioso?\n<\/p>\n<p class=\"bvt9 bvt9b\">\n<input type=\"checkbox\" value=\"checkbox\" name=\"cb18\" \/>&nbsp;<img loading=\"lazy\" decoding=\"async\" height=\"10\" src=\"http:\/\/www.neuroticosanonimosbv.org.mx\/sitio\/elementos\/bullet.gif\" width=\"10\" align=\"bottom\"  \/>&nbsp;\u00bfHace cosas que considera tontas?\n<\/p>\n<p class=\"bvt9 bvt9b\">\n<input type=\"checkbox\" value=\"checkbox\" name=\"cb19\" \/>&nbsp;<img loading=\"lazy\" decoding=\"async\" height=\"10\" src=\"http:\/\/www.neuroticosanonimosbv.org.mx\/sitio\/elementos\/bullet.gif\" width=\"10\" align=\"bottom\"  \/>&nbsp;\u00bfPadece alguna compulsi\u00f3n como ver debajo de la cama, temiendo que haya algo, lavarse las manos exageradamente, ver si el carro u otra puerta est\u00e1 bien cerrada?\n<\/p>\n<p class=\"bvt9 bvt9b\">\n<input type=\"checkbox\" value=\"checkbox\" name=\"cb20\" \/>&nbsp;<img loading=\"lazy\" decoding=\"async\" height=\"10\" src=\"http:\/\/www.neuroticosanonimosbv.org.mx\/sitio\/elementos\/bullet.gif\" width=\"10\" align=\"bottom\"  \/>&nbsp;\u00bfPadece de miedo a alguna cosa (oscuridad, altura, enfermedades, cuartos encerrados, etc.)?\n<\/p>\n<p class=\"bvt9 bvt9b\">\n<input type=\"checkbox\" value=\"checkbox\" name=\"cb21\" \/>&nbsp;<img loading=\"lazy\" decoding=\"async\" height=\"10\" src=\"http:\/\/www.neuroticosanonimosbv.org.mx\/sitio\/elementos\/bullet.gif\" width=\"10\" align=\"bottom\"  \/>&nbsp;\u00bfSe enoja con facilidad?\n<\/p>\n<p class=\"bvt9 bvt9b\">\n<input type=\"checkbox\" value=\"checkbox\" name=\"cb22\" \/>&nbsp;<img loading=\"lazy\" decoding=\"async\" height=\"10\" src=\"http:\/\/www.neuroticosanonimosbv.org.mx\/sitio\/elementos\/bullet.gif\" width=\"10\" align=\"bottom\"  \/>&nbsp;\u00bfTiene dificultades para concentrarse?\n<\/p>\n<p class=\"bvt9 bvt9b\">\n<input type=\"checkbox\" value=\"checkbox\" name=\"cb23\" \/>&nbsp;<img loading=\"lazy\" decoding=\"async\" height=\"10\" src=\"http:\/\/www.neuroticosanonimosbv.org.mx\/sitio\/elementos\/bullet.gif\" width=\"10\" align=\"bottom\"  \/>&nbsp;\u00bfPadece insomnio?\n<\/p>\n<p class=\"bvt9 bvt9b\">\n<input type=\"checkbox\" value=\"checkbox\" name=\"cb24\" \/>&nbsp;<img loading=\"lazy\" decoding=\"async\" height=\"10\" src=\"http:\/\/www.neuroticosanonimosbv.org.mx\/sitio\/elementos\/bullet.gif\" width=\"10\" align=\"bottom\"  \/>&nbsp;\u00bfPadece dolores de cabeza con frecuencia?\n<\/p>\n<p class=\"bvt9 bvt9b\">\n<input type=\"checkbox\" value=\"checkbox\" name=\"cb25\" \/>&nbsp;<img loading=\"lazy\" decoding=\"async\" height=\"10\" src=\"http:\/\/www.neuroticosanonimosbv.org.mx\/sitio\/elementos\/bullet.gif\" width=\"10\" align=\"bottom\"  \/>&nbsp;\u00bfSe queda dormido cuando no debe?\n<\/p>\n<p class=\"bvt9\">\n<input type=\"checkbox\" value=\"checkbox\" name=\"cb26\" \/>&nbsp;<img loading=\"lazy\" decoding=\"async\" height=\"10\" src=\"http:\/\/www.neuroticosanonimosbv.org.mx\/sitio\/elementos\/bullet.gif\" width=\"10\" align=\"bottom\"  \/>&nbsp;\u00bfPadece enfermedades que el m\u00e9dico no logra descubrir?\n<\/p>\n<p class=\"bvt9\">\nAhora ya tiene usted un panorama m\u00e1s general del mundo que lo rodea y del que usted lleva por dentro. \u00bfPodemos ayudarle?. La decisi\u00f3n es suya.\n<\/p>\n<p class=\"bvt9\">\nCabe hacer menci\u00f3n que este autodiagn\u00f3stico es personal, nadie de nuestros grupos se lo va a pedir o solicitar para decirle si es Usted neur\u00f3tico o no. Este autodiagn\u00f3stico es una herramienta que nos sirve (a cada uno en lo personal) para reflexionar si padecemos o no esta enfermedad.\n<\/p>\n<p class=\"bvt9\">\nSolamente usted puede decidir si le parece que el Movimiento Buena Voluntad 24 Horas de Neur\u00f3ticos An\u00f3nimos, le puede ser \u00fatil. Consid\u00e9relo por favor con mente abierta. Si responde afirmativamente, nos agradar\u00e1 mucho ense\u00f1arle c\u00f3mo nosotros hemos logrado dejar de sufrir. Lo \u00fanico que tiene que hacer es llamarnos, asistir a alguno de nuestros grupos o enviarnos un correo electr\u00f3nico. <\/p>\n<p class=\"bvt9\">\nPuede escribirnos desde nuestra <b><a href=\"http:\/\/www.neuroticosanonimosbv.org.mx\/sitio\/contacto\/\">p\u00e1gina de contacto<\/a><\/b>, o a la siguiente direcci\u00f3n:&nbsp;\n<\/p>\n<p class=\"bvt9\">\n<a href=\"mailto:contacto@mbvna.org\">contacto@mbvna.org<\/a> <\/p>\n<p class=\"bvt9\">Muchas gracias<\/p>\n","protected":false},"excerpt":{"rendered":"<p>Nosotros los miembros del Movimiento Buena Voluntad 24 hrs., de Neur\u00f3ticos An\u00f3nimos, llegamos a este Movimiento, porque reconocimos finalmente que no pod\u00edamos controlar nuestras emociones. Al principio est\u00e1bamos poco dispuestos a admitir que no pod\u00edamos salir adelante sin la ayuda de alguien. Pero los miembros experimentados de Neur\u00f3ticos An\u00f3nimos, nos explicaron que sufr\u00edamos del autoenga\u00f1o &hellip; <a href=\"https:\/\/www.neuroticosanonimosbv.org.mx\/sitio\/autodiagnostico\/\" class=\"more-link\">Continuar leyendo<span class=\"screen-reader-text\"> &#8220;Autodiagn\u00f3stico&#8221;<\/span><\/a><\/p>\n","protected":false},"author":4,"featured_media":0,"parent":0,"menu_order":0,"comment_status":"closed","ping_status":"closed","template":"","meta":{"footnotes":""},"class_list":["post-136","page","type-page","status-publish","hentry"],"_links":{"self":[{"href":"https:\/\/www.neuroticosanonimosbv.org.mx\/sitio\/wp-json\/wp\/v2\/pages\/136","targetHints":{"allow":["GET"]}}],"collection":[{"href":"https:\/\/www.neuroticosanonimosbv.org.mx\/sitio\/wp-json\/wp\/v2\/pages"}],"about":[{"href":"https:\/\/www.neuroticosanonimosbv.org.mx\/sitio\/wp-json\/wp\/v2\/types\/page"}],"author":[{"embeddable":true,"href":"https:\/\/www.neuroticosanonimosbv.org.mx\/sitio\/wp-json\/wp\/v2\/users\/4"}],"replies":[{"embeddable":true,"href":"https:\/\/www.neuroticosanonimosbv.org.mx\/sitio\/wp-json\/wp\/v2\/comments?post=136"}],"version-history":[{"count":18,"href":"https:\/\/www.neuroticosanonimosbv.org.mx\/sitio\/wp-json\/wp\/v2\/pages\/136\/revisions"}],"predecessor-version":[{"id":2263,"href":"https:\/\/www.neuroticosanonimosbv.org.mx\/sitio\/wp-json\/wp\/v2\/pages\/136\/revisions\/2263"}],"wp:attachment":[{"href":"https:\/\/www.neuroticosanonimosbv.org.mx\/sitio\/wp-json\/wp\/v2\/media?parent=136"}],"curies":[{"name":"wp","href":"https:\/\/api.w.org\/{rel}","templated":true}]}}